prime factors of (3/t)/((-1)/(-26)).
13
Let z = -7 - -19. Let m = -5 - z. What are the prime factors of (1 - m) + (-1 - 1)?
2
Let c = -18 - -47. List the prime factors of c.
29
Let b(r) = r**3 + 8*r**2 + 4*r + 12. Let s be b(-8). Let k be 128/s - (-2)/5. Let c(w) = -w - 4. List the prime factors of c(k).
2
Suppose 3*n + a - 445 = -2*n, 0 = n + a - 85. What are the prime factors of n?
2, 3, 5
Suppose -2*g - 3*f - f + 70 = 0, 102 = 3*g + 5*f. Suppose -q - g = -4*q - 5*k, -k + 10 = 2*q. List the prime factors of q.
3
Let z(y) = y - 3. Let n be z(3). What are the prime factors of (-3 - n)/((-1)/5)?
3, 5
Suppose v + 3*h = -0*h + 81, 4*v - 5*h - 358 = 0. What are the prime factors of v?
3, 29
Suppose a + 3 = -0*a. Let y = 5 + a. What are the prime factors of y?
2
Let f(j) = 23*j**2 - j. Let c(h) = -h**2 - 16*h + 18. Let u be c(-17). List the prime factors of f(u).
2, 11
Let o be 8/2*592/(-32). Let h = o + 123. List the prime factors of h.
7
Suppose 0 = 5*a - 5. Let f be (43 + 3)*a/2. Let t = f + -14. List the prime factors of t.
3
Suppose q - 55 = -b, -5*q - 3*b + 216 + 69 = 0. What are the prime factors of q?
2, 3, 5
Let o(m) = 7*m - 2. Let d(b) = -b - 1. Let q(a) = 4*d(a) + o(a). List the prime factors of q(9).
3, 7
Let c(x) = -4*x**2 - 4*x - 6. Let y(u) = -u**2 - u - 1. Let r(s) = c(s) - 5*y(s). Let f be r(2). Suppose -f*t + 15 - 5 = 0. What are the prime factors of t?
2
Let y be (1/4)/(2/40). Suppose 4*w - 29 = -3*u, -y*u + w = -30 - 3. Suppose -3*x = -5 - u. What are the prime factors of x?
2
Suppose 30*a = 33*a - 144. What are the prime factors of a?
2, 3
Let n = 13 - 9. Suppose -s = -0*s + n*d + 5, 2 = -2*s - 4*d. List the prime factors of s.
3
Suppose 3*l + 3*v - 201 = 0, -l + 6*v - 3*v = -67. List the prime factors of l.
67
Let o be (-4)/(-2 - -1) + -2. Suppose 0*t = -o*t + 8. Suppose r - 10 = -t*r. List the prime factors of r.
2
List the prime factors of 4/(-1) - (-43 + 1).
2, 19
Let v(k) = -k**3 + 16. Let w(o) be the third derivative of -o**5/60 + 5*o**4/24 - 2*o**3/3 - 4*o**2. Let z be w(4). List the prime factors of v(z).
2
Suppose 8*v = 5*v + 156. Let n = v - 32. What are the prime factors of 48/n + (-3)/(-5)?
3
Let d be (-3)/(-9) - 2/6. Let m = 6 - 3. What are the prime factors of (m - 14)/(d - 1)?
11
Suppose 4*l - 51 = -0*j + 3*j, -2*l = 4*j + 2. Let m = l - -3. What are the prime factors of m?
2, 3
Let n = 933 + -534. What are the prime factors of n?
3, 7, 19
Let k = -6 - -8. What are the prime factors of k?
2
Let f(k) be the third derivative of k**6/720 + k**5/12 - k**4/8 + 2*k**2. Let g(z) be the second derivative of f(z). What are the prime factors of g(-8)?
2
Let y = -10 - 26. Let u = -17 - y. What are the prime factors of u?
19
Let g(p) = -p + 9. Let k be g(4). Let q(t) = -k + 0*t + 0*t - 2*t. What are the prime factors of q(-5)?
5
Let s(o) = 3*o**2 - o. Let m be s(1). Suppose 0*u - 4 = -m*u. List the prime factors of u.
2
Suppose -4*g + g - 29 = -2*t, 4*t - 31 = -3*g. Suppose 3*p + 33 = 3*j, -2*j - 2*p = -16 - t. Let f = j + -7. What are the prime factors of f?
5
Let l = 2 - -5. List the prime factors of (l/2)/(2/4).
7
Let l(v) = 4*v**2 - 14*v - 28. List the prime factors of l(12).
2, 5, 19
Suppose 4*v = v + 9. Suppose v*o = o + 26. What are the prime factors of o?
13
Let x be (-1)/((-3)/3) + 4. Suppose x = 2*s - k, s + 20 = 3*s + 4*k. Suppose 5*c = -3*u + 15, 3*u - 23 = -3*c + s*u. What are the prime factors of c?
2, 3
Let l = -20 + 36. Let f = l - 10. What are the prime factors of f?
2, 3
Suppose 34 = -3*f + 112. List the prime factors of f.
2, 13
Let g(r) = r**3 + 8*r**2 + 4. Let w be g(-8). Let b be w/((1 - 2)/(-1)). What are the prime factors of 74/8 - 1/b?
3
Suppose 2*h - 369 = -7*h. List the prime factors of h.
41
Let h(z) = 2*z**3 - 3*z**2 + z + 214. List the prime factors of h(0).
2, 107
Let p(q) = 24*q**3 - 2*q**2 + 1. Let n = 14 - 13. What are the prime factors of p(n)?
23
Suppose 5*y + 14 = -6. Let l(x) = -7*x + 5*x - x**2 + 3 - 4*x. List the prime factors of l(y).
11
Suppose 22 = 4*y + 6. What are the prime factors of 18/4 - (-2)/y?
5
Suppose 2*n - 143 - 23 = 0. List the prime factors of n.
83
Let y(u) be the first derivative of 8*u**3 - u + 1. List the prime factors of y(-1).
23
Let h = 46 - 22. List the prime factors of h.
2, 3
Let f = 182 + -70. List the prime factors of f.
2, 7
Suppose 7*l - 2*l + 5*p - 475 = 0, -2*l = 5*p - 184. Suppose i - l = -3*g, 5*i - 12 + 3 = -g. What are the prime factors of g?
2, 17
Suppose 1 - 2 = -m. Let u = 4 - m. What are the prime factors of (u/4)/((-1)/(-12))?
3
Let v = -7 - -9. Suppose v*n - 2 = 2. Suppose g - 2*g + n = 0. List the prime factors of g.
2
Let v = 45 - -52. Let b = -65 + v. List the prime factors of b.
2
List the prime factors of 2/(-10) + 5882/85.
3, 23
Let y = 23 - 41. Suppose -20 = 4*o, -o - 54 = -x - 20. Let b = x + y. What are the prime factors of b?
11
Suppose 3*g = -g. Suppose -2*i = 5*j + 24, g*j + 2*i = 2*j + 4. What are the prime factors of (j - (-1 - 1)) + 11?
3
Suppose -2*d = 3*l + 56, l - d - 52 = 4*l. Let g = 0 - l. What are the prime factors of g?
2
Let x(s) = -38*s - 2. Suppose 5*p + 0 = -5. List the prime factors of x(p).
2, 3
Suppose -4*i + 0*w = 4*w - 72, 4*i = 2*w + 48. List the prime factors of i.
2, 7
Let y(m) = -3*m**2 - m + 132. What are the prime factors of y(0)?
2, 3, 11
Suppose 5*j = -4*u - 43 + 201, 2*u = -5*j + 74. List the prime factors of u.
2, 3, 7
Let p = 46 + -67. Suppose 3*y + y = -28. What are the prime factors of 2/y + (-153)/p?
7
Let y = 572 + -331. List the prime factors of y.
241
Let i = 25 + -9. Suppose 6*a = 10*a - i. Suppose -71 = -a*y - 27. List the prime factors of y.
11
Let z be 30/(-5)*6/4. Let x = 14 - z. What are the prime factors of x?
23
Let z(r) = r**3 - 12*r**2 + 2*r - 16. Let u be z(12). What are the prime factors of ((-20)/u + 2)*-46?
23
Let b(t) = 6*t. Let s(z) = 2*z**2 - 7*z + 4. Let j be s(4). List the prime factors of b(j).
2, 3
Let v = 33 - -25. What are the prime factors of v?
2, 29
Suppose 0*s = 2*s - 190. Suppose 2*o = 7*o - s. What are the prime factors of o?
19
Suppose -2*r + 150 = -5*r. Let g be (-7)/14 - r/4. Let m(u) = u**3 - 13*u**2 + 12*u + 9. List the prime factors of m(g).
3
Let v = -6 + -6. Let d(r) = r**3 + 4*r**2 - 2. Let c be d(-4). Let p = c - v. List the prime factors of p.
2, 5
Let a(h) = -h**3 - 14*h**2 + 15*h - 38. What are the prime factors of a(-16)?
2, 3, 13
Let r be (-26)/(-7) - (-14)/49. Suppose r*h - 92 + 0 = 0. What are the prime factors of h?
23
Let c = -5 + 3. List the prime factors of c/8 + 57/4.
2, 7
Suppose -10 + 2 = -o + x, 4 = 3*o + x. Suppose m = 4*v + 5 - 0, m = -o*v + 26. List the prime factors of m.
17
Let l be 3*4/4 + 3. List the prime factors of 72/l - 1/1.
11
Let g be -4 - (-4 + (3 - -15)). Let i = g + 30. List the prime factors of i.
2, 3
Let s(f) = 4*f - 4. Let a = -8 - -11. Let c be s(a). Let y = c - 2. What are the prime factors of y?
2, 3
Let r be (0 - 2)*5/2. List the prime factors of ((-126)/(-35))/((-2)/r).
3
Suppose -2*a + 73 + 6 = 3*x, 0 = -2*a + 10. Let w be x/3 + (-3)/(-9). Suppose -7*y + w = -3*y. List the prime factors of y.
2
Let y(l) = -l**2 - 12. Let j be y(0). What are the prime factors of (-680)/j - (-2)/(-3)?
2, 7
Let f(q) = 1. Let o(j) = j - 2. Let p(a) = -2*f(a) - o(a). Let b be p(8). Let g = 14 + b. What are the prime factors of g?
2, 3
Let g be 2/(-4)*6*-5. Suppose -5*b = -3*s - 24, -5*s - 4*b = -0*s + 3. Let c = g + s. List the prime factors of c.
2, 3
Suppose -8*p + 112 = -6*p. List the prime factors of p.
2, 7
Let u(n) = -12*n + 64. List the prime factors of u(-13).
2, 5, 11
Let d(a) = 3*a + 1. Let s be d(3). Suppose -t - 3*t - s = b, b + 17 = 3*t. Let k = b + 24. What are the prime factors of k?
2, 5
Suppose -4*p + 2*q + 152 = 0, -4*p + 3*q = -0*p - 150. List the prime factors of p.
3, 13
Let x be (-48)/(-5) + 2/5. Let y be (-3 - -2)*(x - -1). What are the prime factors of y/(-4)*2*2?
11
Let b(m) be the second derivative of m**5/20 - 2*m**4/3 + m**3/2 - 4*m**2 - 4*m. What are the prime factors of b(8)?
2
Suppose -5*p + 2*p - 6 = 0. What are the prime factors of p + (1 + 0 - -6)?
5
Let f(q) = -q**3 + 2*q**2 - 2*q + 1. Let j be f(1). Suppose j*l = 5*l. Suppose 0 = -d - l*d + 7. List the prime factors of d.
7
Let l(j) be the first der